446 and 6.
6
Calculate the greatest common divisor of 22 and 1738.
22
Calculate the highest common divisor of 8 and 376.
8
Calculate the greatest common factor of 6040 and 40.
40
Calculate the greatest common divisor of 420 and 84.
84
Calculate the greatest common factor of 2405 and 2035.
185
What is the greatest common divisor of 81 and 135?
27
Calculate the greatest common factor of 1760 and 20.
20
Calculate the highest common divisor of 137 and 959.
137
Calculate the highest common factor of 2310 and 550.
110
What is the highest common divisor of 33 and 3399?
33
What is the greatest common factor of 6 and 78?
6
What is the greatest common divisor of 126 and 161?
7
Calculate the greatest common factor of 793 and 13.
13
What is the greatest common factor of 59 and 413?
59
Calculate the greatest common factor of 142 and 2627.
71
What is the highest common factor of 2 and 6?
2
Calculate the highest common divisor of 36 and 12798.
18
Calculate the greatest common factor of 18 and 468.
18
What is the greatest common divisor of 4284 and 18?
18
What is the highest common factor of 105 and 10920?
105
Calculate the greatest common divisor of 132 and 627.
33
What is the greatest common divisor of 2312 and 136?
136
What is the greatest common divisor of 18 and 333?
9
Calculate the highest common factor of 759 and 66.
33
What is the greatest common factor of 77 and 63?
7
What is the highest common divisor of 30 and 90?
30
Calculate the highest common divisor of 22 and 1298.
22
What is the highest common factor of 3152 and 16?
16
Calculate the highest common divisor of 77 and 22.
11
What is the highest common divisor of 9 and 30915?
9
Calculate the highest common factor of 496 and 12028.
124
Calculate the highest common factor of 495 and 1287.
99
Calculate the greatest common divisor of 130 and 234.
26
What is the highest common factor of 42 and 4?
2
What is the greatest common divisor of 3 and 60?
3
Calculate the greatest common divisor of 552 and 44.
4
What is the highest common divisor of 159 and 583?
53
Calculate the greatest common factor of 747 and 9.
9
What is the greatest common factor of 602 and 14?
14
What is the highest common factor of 222 and 84?
6
What is the greatest common divisor of 12 and 18?
6
What is the greatest common factor of 27 and 180?
9
Calculate the highest common divisor of 70 and 7882.
14
What is the greatest common factor of 6590 and 10?
10
Calculate the highest common factor of 30318 and 372.
186
What is the greatest common factor of 3284 and 8?
4
Calculate the greatest common factor of 136 and 6596.
68
What is the highest common divisor of 225 and 25?
25
Calculate the greatest common factor of 196 and 56.
28
What is the greatest common divisor of 323 and 38?
19
What is the highest common divisor of 183 and 1769?
61
What is the greatest common factor of 101 and 1616?
101
Calculate the greatest common divisor of 418 and 38.
38
What is the greatest common factor of 1383 and 15?
3
Calculate the highest common divisor of 13 and 35087.
13
Calculate the greatest common divisor of 4 and 2.
2
Calculate the greatest common factor of 323 and 532.
19
What is the greatest common divisor of 3 and 32?
1
Calculate the highest common divisor of 128 and 248.
8
Calculate the greatest common divisor of 287 and 497.
7
Calculate the greatest common divisor of 15 and 195.
15
Calculate the highest common divisor of 44 and 2486.
22
What is the greatest common factor of 6 and 16?
2
Calculate the highest common divisor of 10 and 4310.
10
Calculate the greatest common divisor of 520 and 208.
104
Calculate the greatest common factor of 56 and 4816.
56
What is the highest common factor of 152 and 19?
19
What is the highest common factor of 113 and 14125?
113
What is the greatest common divisor of 320 and 8?
8
Calculate the greatest common factor of 1955 and 805.
115
What is the greatest common divisor of 35 and 19705?
35
Calculate the highest common divisor of 9 and 15111.
9
What is the greatest common factor of 48 and 216?
24
What is the greatest common factor of 408 and 51?
51
What is the greatest common factor of 582 and 18?
6
What is the greatest common divisor of 18 and 342?
18
Calculate the highest common divisor of 33 and 55.
11
Calculate the highest common divisor of 2023 and 476.
119
What is the greatest common divisor of 64 and 704?
64
What is the highest common factor of 1469 and 52?
13
What is the highest common factor of 715 and 95?
5
Calculate the highest common factor of 988 and 65.
13
What is the greatest common factor of 150 and 800?
50
What is the greatest common divisor of 133 and 7?
7
Calculate the highest common factor of 29397 and 369.
123
Calculate the greatest common divisor of 21075 and 75.
75
Calculate the highest common divisor of 1458 and 6.
6
Calculate the greatest common divisor of 22 and 704.
22
What is the highest common divisor of 37914 and 71?
71
What is the greatest common divisor of 165 and 27?
3
Calculate the greatest common divisor of 725 and 50.
25
Calculate the highest common factor of 16 and 464.
16
Calculate the highest common divisor of 189 and 21.
21
Calculate the highest common divisor of 7 and 6349.
7
What is the greatest common factor of 17 and 6596?
17
Calculate the greatest common divisor of 82 and 2.
2
What is the highest common divisor of 748 and 11781?
187
Calculate the greatest common factor of 28 and 2219.
7
Calculate the greatest common divisor of 8 and 5224.
8
Calculate the greatest common divisor of 164 and 1066.
82
Calculate the greatest common divisor of 296 and 10434.
74
Calculate the highest common factor of 77 and 2079.
77
Calculate the highest common factor of 2000 and 96.
16
Calculate the highest common factor of 77 and 1309.
77
What is the greatest common divisor of 36 and 8988?
12
What is the greatest common factor of 2839 and 17?
17
Calculate the highest common factor of 250 and 10.
10
What is the highest common divisor of 75 and 1095?
15
Calculate the highest common divisor of 35 and 413.
7
Calculate the greatest common divisor of 315 and 756.
63
What is the highest common factor of 576 and 18624?
192
Calculate the highest common factor of 533 and 26.
13
What is the highest common divisor of 15 and 1695?
15
What is the highest common factor of 54 and 189?
27
Calculate the greatest common divisor of 128 and 1.
1
Calculate the highest common divisor of 84 and 10992.
12
What is the highest common divisor of 10282 and 776?
194
Calculate the greatest common divisor of 752 and 49256.
376
Calculate the highest common divisor of 1176 and 108.
12
Calculate the highest common factor of 213 and 3763.
71
Calculate the greatest common factor of 4774 and 154.
154
Calculate the highest common divisor of 891 and 99.
99
Calculate the greatest common divisor of 308 and 140.
28
Calculate the greatest common factor of 273 and 294.
21
What is the greatest common divisor of 1360 and 4420?
340
What is the greatest common factor of 102 and 1088?
34
Calculate the highest common factor of 177 and 6.
3
What is the greatest common factor of 1518 and 264?
66
What is the greatest common divisor of 64 and 4768?
32
Calculate the highest common factor of 279 and 2883.
93
Calculate the greatest common divisor of 1012 and 330.
22
Calculate the greatest common factor of 25 and 395.
5
Calculate the greatest common factor of 104 and 720.
8
Calculate the highest common factor of 24 and 76.
4
What is the greatest common divisor of 41 and 369?
41
What is the greatest common divisor of 650 and 55?
5
What is the highest common factor of 1313 and 39?
13
Calculate the highest common divisor of 13 and 442.
13
Calculate the greatest common factor of 26 and 8.
2
What is the highest common divisor of 770 and 715?
55
What is the highest common divisor of 234 and 26?
26
Calculate the highest common factor of 65 and 14040.
65
Calculate the highest common factor of 24299 and 11.
11
What is the greatest common divisor of 330 and 198?
66
Calculate the greatest common divisor of 96 and 18528.
96
What is the greatest common factor of 45 and 165?
15
What is the highest common factor of 49 and 21?
7
What is the highest common divisor of 39 and 312?
39
What is the highest common divisor of 18 and 3042?
18
Calculate the greatest common fac